00222212221 + 102?
100222212323
In base 7, what is -2406530503 + 4?
-2406530466
In base 7, what is -3425 + -666561?
-1003316
In base 16, what is 7849317 + -3?
7849314
In base 10, what is 13041839 + -1?
13041838
In base 4, what is 30 - 20332131122?
-20332131032
In base 11, what is -4 + 165a669?
165a665
In base 10, what is -1193 + 6963?
5770
In base 8, what is 5 + -33004507?
-33004502
In base 15, what is 582 - 27da?
-2258
In base 13, what is 7ba8 - -2190a?
297b5
In base 4, what is -230032 + -102230?
-332322
In base 2, what is -1 + -1110000011011101010010000?
-1110000011011101010010001
In base 15, what is 50abdd8e - 2?
50abdd8c
In base 5, what is 1134243314 + -10?
1134243304
In base 2, what is 1110011011101100 - 101010001?
1110010110011011
In base 8, what is 4 + 1716047554?
1716047560
In base 6, what is -224321 - -2000?
-222321
In base 14, what is 2 - -48a649?
48a64b
In base 10, what is 56 - 165209?
-165153
In base 3, what is 21222121002 - -212210?
22000110212
In base 2, what is 101010010110100 + -1011001010001?
11111001100011
In base 5, what is -121 + 11334333042?
11334332421
In base 11, what is 2854a86 - -25?
2855000
In base 13, what is 24 - -3422a?
34251
In base 6, what is 3215330 + -212?
3215114
In base 12, what is 23a + -1707a?
-16a40
In base 10, what is -122 + -169205?
-169327
In base 9, what is -33 - 1432235?
-1432268
In base 16, what is -620ad9bc - 1?
-620ad9bd
In base 11, what is 711476 - -17?
711492
In base 3, what is 10221010 + 110020121100?
110101112110
In base 6, what is -130155113523 + 1?
-130155113522
In base 7, what is -4 - 10060533104?
-10060533111
In base 13, what is 1348 - c13?
435
In base 4, what is -30132310 + 1003331?
-23122313
In base 7, what is -12 - 10643533?
-10643545
In base 4, what is 13232130102 + -12223?
13232111213
In base 5, what is -210130 + -3021?
-213201
In base 8, what is -100070 + -4723?
-105013
In base 5, what is 2 + 111141333330?
111141333332
In base 8, what is -20536 + -65541?
-106277
In base 9, what is -124 + -14552?
-14676
In base 14, what is -db + -1b8246?
-1b8343
In base 3, what is 21122011220101 + -20?
21122011220011
In base 10, what is 153907 - 132?
153775
In base 4, what is -22302322322 + -13?
-22302323001
In base 10, what is -1093715 - -12?
-1093703
In base 11, what is 55 - 89480?
-89426
In base 7, what is -1 - -563500061?
563500060
In base 8, what is 527052 - -651?
527723
In base 5, what is 13124242 - -1330?
13131122
In base 2, what is 1000100001110100111111001010 + -101?
1000100001110100111111000101
In base 4, what is -11233302332 - -2220?
-11233300112
In base 13, what is -a55ac6 + 6?
-a55ac0
In base 15, what is -194b - 32e?
-1c7a
In base 6, what is 1 + 325533525?
325533530
In base 11, what is 35452a2 + 11?
3545303
In base 15, what is -c033 - 1e6?
-c229
In base 6, what is 0 - 144323454?
-144323454
In base 4, what is -1 - 2110033201021?
-2110033201022
In base 12, what is -16a616 + 4?
-16a612
In base 7, what is 421045 + -16142?
401603
In base 6, what is -14 - 120351434?
-120351452
In base 11, what is -504569 - -5?
-504564
In base 6, what is 1 - -20405511?
20405512
In base 16, what is 2e - -61d0a?
61d38
In base 13, what is 1092cb2b9 + -4?
1092cb2b5
In base 6, what is 122233014 + -1?
122233013
In base 13, what is 30 + -154928?
-1548c8
In base 9, what is 2084501 + 1233?
2085734
In base 15, what is -14 - -11a03a?
11a026
In base 15, what is 3 + -a42c4a?
-a42c47
In base 10, what is 16416431 - 11?
16416420
In base 9, what is -1525 - -5848?
4323
In base 3, what is -101102222200 + 102221?
-101102112202
In base 7, what is 11153615 - -6?
11153624
In base 13, what is 3a37329 + 6?
3a37332
In base 10, what is -33731115 + -3?
-33731118
In base 7, what is -63 + -3333646?
-3334042
In base 3, what is 2 + -120200110002200?
-120200110002121
In base 9, what is 2033 + 468400?
471433
In base 8, what is 0 + 2743313?
2743313
In base 6, what is -4 + 30401401?
30401353
In base 11, what is 1150 + 3a14?
5064
In base 3, what is -102200 + 22211110002?
22211000102
In base 12, what is -1639446 - -4a?
-16393b8
In base 7, what is 101366522 - -4?
101366526
In base 11, what is -7077 - -108a?
-5a98
In base 10, what is 3 - 14649539?
-14649536
In base 16, what is -5601 - 1388?
-6989
In base 9, what is 3 - 110854364?
-110854361
In base 13, what is 5 + -119830b?
-1198306
In base 15, what is -d501 - -c1b1?
-1340
In base 15, what is -d + -c4529?
-c4537
In base 3, what is 11 - 221121001000012?
-221121001000001
In base 15, what is -d2998 + 6b6?
-d22d2
In base 5, what is -1201 - 30320?
-32021
In base 12, what is 5 + 22b9885?
22b988a
In base 5, what is -3 + 402314324?
402314321
In base 14, what is 116 - -1a02?
1b18
In base 10, what is -88 - -117055?
116967
In base 13, what is -6489c4 - 1?
-6489c5
In base 14, what is -8ca83 + 8b0?
-8c1b3
In base 14, what is -cc - 262b?
-2719
In base 8, what is 112442 - 443?
111777
In base 2, what is -1111001011000000111100100011 - 11?
-1111001011000000111100100110
In base 11, what is 735635 + 126?
735760
In base 14, what is -2aab + -3d6?
-30a3
In base 15, what is -dd - 1da253?
-1da341
In base 3, what is -1221 - -2201221020001?
2201221011010
In base 3, what is 20202 + 1202111001022?
1202111022001
In base 7, what is -3 + 3223064405?
3223064402
In base 10, what is 3103 - -12171?
15274
In base 11, what is -14 - 84a612?
-84a626
In base 5, what is 3401223 + 131?
3401404
In base 13, what is -4b1a44a + 1?
-4b1a449
In base 10, what is 5 + -33888035?
-33888030
In base 4, what is -113020113 + 11333?
-113002120
In base 8, what is 45 - 24465771?
-24465724
In base 15, what is 2 + -230d6e08?
-230d6e06
In base 14, what is -bc - -d6d51?
d6c73
In base 16, what is -3b - -3147d?
31442
In base 6, what is -50430 - 222?
-51052
In base 9, what is -4021 - 123168?
-127200
In base 10, what is 2 + 1523253?
1523255
In base 2, what is 100111 + 10010110100010111?
10010110100111110
In base 14, what is 4c0 - -1cc00d?
1cc4cd
In base 6, what is 2530205005 - -2?
2530205011
In base 11, what is 3 - 27615766?
-27615763
In base 2, what is 110 - -100110010100101110001?
100110010100101110111
In base 5, what is -111 + 332113114?
332113003
In base 11, what is 82a98 + 202?
8319a
In base 9, what is 386 + -1354545?
-1354148
In base 4, what is -2133310003311 + 2?
-2133310003303
In base 8, what is -1 - 21044247?
-21044250
In base 10, what is -240 - 1868650?
-1868890
In base 5, what is -12240 - -21111201?
21043411
In base 14, what is -18 + -1d7bda?
-1d7c14
In base 16, what is -b7e - -b9ce?
ae50
In base 5, what is 140101143221 - -10?
140101143231
In base 9, what is 112 + 5248876?
5250088
In base 2, what is 1110000101110001 + 1100111000?
1110010010101001
In base 7, what is 0 + -23026362?
-23026362
In base 11, what is -165729a2 - -5?
-16572998
In base 3, what is 212 - 100201102120?
-100201101201
In base 4, what is 30 - 22113300001?
-22113233311
In base 4, what is 23133001321 - -1120?
23133003101
In base 5, what is -441 - 100313101?
-100314042
In base 7, what is -1066 - 45524?
-46623
In base 9, what is -21862 - 116?
-22078
In base 3, what is -100022 - 212012200?
-212112222
In base 16, what is 1a75d - 7?
1a756
In base 14, what is -9 - -2cd39?
2cd30
In base 16, what is -1 + -226d21?
-226d22
In base 16, what is -78 - -4019?
3fa1
In base 8, what is -21735610 + -22?
-21735632
In base 14, what is 4d4bb7a - -18?
4d4bb94
In base 9, what is 16110586 + 40?
16110636
In base 6, what is -1142 - -24121?
22535
In base 16, what is 9f086 - 3a6?
9ece0
In base 12, what is -282 + 229020?
22895a
In base 2, what is -1001 - 11111010110100110111?
-11111010110101000000
In base 15, what is 5 + 21a80e?
21a814
In base 2, what is -110011010100 - -111100100001?
1001001101
In base 15, what is 2691a + 4c?
26967
In base 3, what is -20102200012112000 + 21?
-20102200012111202
In base 8, what is 5 + 1107736731?
1107736736
In base 12, what is -41b1 - 1a6?
-4397
In base 11, what is -21 + -1a9177?
-1a9198
In base 10, what is 3 - 17083613?
-17083610
In base 3, what is -1012111012101210 - -2?
-1012111012101201
In base 11, what is 6 - 231986?
-231980
In base 5, what is 21040431 + 40?
21041021
In base 8, what is 134315462 - 3?
134315457
In base 10, what is -213 - 1978800?
-1979013
In base 7, what is 2306641022 - -1?
2306641023
In base 8, what is -15137667 + -1?
-15137670
In base 14, what is 1298c + 9cd?
